 = 5*z + 6. Let t(p) = 4*p + 6. Let u(m) = -5*j(m) + 6*t(m). Let s be 15/30 - (-27)/6. Determine u(s).
1
Let k(w) = 2*w + 2. Let s(b) = -b**3 - 14*b**2 - b - 10. Let g be s(-14). Suppose -24 = 5*o - 0*j + 3*j, 0 = o + g*j - 2. Calculate k(o).
-10
Let v(a) = -a**2 - 11*a - 4. Let j be v(-10). Let i = 8 - j. Let z(n) = 4*n - 1. Determine z(i).
7
Let h(m) = -m + 8. Let c be ((-4)/(-6))/((-4)/(-18)). Let t be 5 + (2 - 9/c). Give h(t).
4
Suppose 3*n + 0*n = 0. Suppose -p = n, -4*p = -j - 1 + 5. Let t(w) = 3*w - 3. What is t(j)?
9
Let o(c) = c**2 + 7*c + 8. Suppose 4*p + 0 = -24. Determine o(p).
2
Suppose -3*x - 17 = 5*u + 13, 4*x + 20 = 0. Let l be 0/(-1) - (u - 0). Let v(h) = -h + 0*h + 2 + h**3 + 4*h + l*h**2. Calculate v(-3).
-7
Let x(z) be the first derivative of -7/3*z**3 + 1/4*z**4 - 5*z - 7 + 1/2*z**2. Determine x(7).
2
Let q(s) = -s - 9. Let u(x) = 2*x + 18. Let w(o) = -13*q(o) - 6*u(o). Calculate w(0).
9
Let a = -2 - 4. Let n = a - -4. Let p(b) = -4 + 4*b**2 + 3*b + 4 + 11*b**3 - 10*b**3. Calculate p(n).
2
Let c(n) = n**2 - 16*n + 11. Let v be c(15). Let f(r) = -r**3 - 5*r**2 - 3*r + 4. What is f(v)?
0
Suppose -2*p + i = -9, -5*p - 2*i + 21 = -6*i. Let x(f) = -14 + p + 8 + f. Give x(6).
5
Let j = -17 + 14. Let u(b) = b**2 + 5*b + 1. What is u(j)?
-5
Let a(x) = -4*x. Suppose 0 = m - 5*m + 4. Let j be a(m). Let g(y) = -2*y**2 - 6*y - y**2 - 3 + 2*y**2. Give g(j).
5
Let v(x) = 4*x + 2. Let o(j) = -4*j - 2. Let u(s) = -4*o(s) - 5*v(s). Calculate u(-2).
6
Let l(r) = 2*r - 6. Let v(a) = 3*a - 7. Let o(c) = 5*l(c) - 4*v(c). What is o(-4)?
6
Let n(h) = -h**2 - 2 - 13*h + 9*h + 1 + 7*h. Calculate n(4).
-5
Let k(g) = -g**2 + g + 2. Let f(l) = l**2 - 13*l + 3. Let q be f(13). Give k(q).
-4
Suppose -3*v + 2*v + 6 = 0. Let k(o) = o**2 - 6*o - 2. What is k(v)?
-2
Let q(x) be the third derivative of 0*x + 0 - 1/6*x**3 - 7/24*x**4 + 5*x**2. Give q(-1).
6
Let y(q) be the first derivative of q**2 - 10. Calculate y(-3).
-6
Let t(h) = -3*h + h + 1 - h**2 - 9*h**2. Calculate t(1).
-11
Let t(m) = m + 2. Let l = 55 - 62. Calculate t(l).
-5
Suppose 18 = 3*k - 0*k. Let l(z) = -5*z**3 + z**3 - 3*z - 4*z - 4*z**2 + 5*z**3 + k. Let t be l(5). Let j(y) = y**3 + 4*y**2 + 2*y - 5. Calculate j(t).
-13
Let o be -3 + (-1)/2*4. Let w(j) = -j**3 - 5*j**2 - j. Determine w(o).
5
Let h(g) = 5*g - 4*g + 1 - 13*g + g. Determine h(1).
-10
Let d(v) = -3*v**3 - v**2 - 3*v. Let k(i) = -10*i**3 - 4*i**2 - 10*i - 1. Let o(r) = -7*d(r) + 2*k(r). What is o(0)?
-2
Let b(i) = -i - 1. Suppose q - 4*c + 45 = 6*q, -5*q + 50 = 5*c. Suppose 25 = -5*o + q*a, -o + 4*a = 8 - 0. What is b(o)?
3
Let z(n) = 5*n - 3. Let u(q) = -6*q + 4. Let c(i) = -3*u(i) - 4*z(i). Let s = 5 - 5. Let r = -2 + s. Give c(r).
4
Let w(k) = k - 1. Let o be w(4). Let u(h) = 4*h**2 - 4*h - h**o - 3 + 2*h**2 + 0*h**3. Give u(5).
2
Let x(r) = -r**3 - 5*r**2 - 4*r - 3. Let u be x(-4). Let z be -1*(3 + u - 1). Let b(k) = 5*k + k - 8*k + 1. What is b(z)?
-1
Let i(t) = -t**2 + 6*t + 4. Let m(j) be the first derivative of -3*j**2 - 3*j - 4. Let f(x) = 2*i(x) + 3*m(x). Let o(c) = 3*c + 2. Let p be o(-2). Give f(p).
-9
Let o(n) = n**3 + 5*n**2 + 2*n - 3. Let b be o(-4). Let g = b + -5. Suppose 6 = -3*x - g. Let q(w) = 3*w**2 + 3*w + 1. Determine q(x).
7
Let u(i) = -4*i**3 - 2*i**2 - i. Let z be (0 + -3)/(6/4). Let m be ((3 + -7)/(-2))/z. Determine u(m).
3
Let j = -52 + 55. Let v(g) = 4*g + 3. Calculate v(j).
15
Let p = 16 + -14. Let n(f) be the first derivative of 1 + 1/3*f**3 + p*f + 5/2*f**2. Calculate n(-2).
-4
Let p(b) = b**2 + 5*b + 1. Let w be (-12)/10*20/6. Calculate p(w).
-3
Let j(g) = g - 2 + 0*g - 269*g**2 + 271*g**2. Give j(-2).
4
Let w(s) = s - 3. Suppose 0*p + 3*p = 2*b + 4, b + 4*p = 20. Calculate w(b).
1
Let x be 6/15*(6 - 1). Let d(b) = b**3 + b + 1. Let f(m) = -2*m**3 - 3*m**2 - 3*m - 2. Let s(z) = -3*d(z) - f(z). Calculate s(x).
3
Let g(o) be the second derivative of o**3/6 + 3*o**2 - 9*o. Calculate g(-6).
0
Let n(u) = -5*u + 9. Let q(k) = -6*k + 10. Let b(y) = -5*n(y) + 4*q(y). Calculate b(5).
0
Let y = 3 - -2. Let i(g) = -g + 1. Let l(c) = 4*c - 10. Let o(q) = y*i(q) + l(q). Give o(-7).
2
Let m(o) = 2*o**2. Let r = -3 - -6. Suppose -y + r*c + 5 = 0, 2*y + c - 9 = 1. Suppose -y*w = -2*w - 3. Calculate m(w).
2
Let n(c) = 7*c**3 + c**2 + 7. Let d(j) = -15*j**3 - 3*j**2 - j - 15. Let f(z) = -6*d(z) - 13*n(z). Give f(6).
-1
Let z = -2 - -2. Let l(j) = 3 - 3*j + z + 6*j - 5*j. Let t = -2 - -4. Calculate l(t).
-1
Suppose 3*s - 6 = 0, -2*y + 5*s - 7 = 3. Let a(w) be the first derivative of -1/4*w**4 - 1/3*w**3 - 4*w + 1/2*w**2 - 6. What is a(y)?
-4
Let m = 24 - 23. Let p(c) = -9*c**2. What is p(m)?
-9
Let i(v) = v**3 + 2*v**2 + 6 - v - 6. Let s be 20/8*(-6)/(-5). Suppose 0*x = -s*x + 3. Determine i(x).
2
Let u(w) = w - 5. Suppose -q + 2 = -f - 1, -5*q + 15 = -3*f. Calculate u(f).
-5
Suppose -3*d = q + 10, -2*d = -3*q + 2*q + 5. Let b(u) = -9*u - 1. Determine b(q).
8
Let s be (-1)/(2 - (-15)/(-9)). Let w(u) = 6*u + 2. What is w(s)?
-16
Let f(l) = -l**2 - 2*l**2 - l**2 + l. What is f(1)?
-3
Let r(o) = -2*o**2 + 1. Let p(v) = v**3 - 5*v**2 + 3*v + 6. Let d be p(4). What is r(d)?
-7
Let y be -1 - (0 - 0) - -10. Let r(h) = -h**2 + 0*h**3 - 3*h + h**3 + 8*h**2 - 5 + y*h. Let f(q) = -6*q**2. Let z be f(1). Calculate r(z).
-5
Let c(x) = -5*x**3. Let j(w) = w - 3. Let d = 3 + 1. Let o be j(d). Let q = o - 0. Determine c(q).
-5
Let o be 3 + (-3 - 9) - 2. Let x = o + 7. Let z(h) = h**3 + 3*h**2 - 4*h + 1. What is z(x)?
1
Let u(w) = -5*w + 4. Let g(i) = -5*i + 4. Let a(q) = -4*g(q) + 3*u(q). Let n be (-3)/(-2) - 84/(-56). What is a(n)?
11
Suppose 0*n - 4*n - 2*b = -6, -3*n - 4*b - 8 = 0. Let s(p) = -8*p + 3*p - 2*p**2 + n + 3*p**2 + 3. Determine s(5).
7
Let t(z) be the first derivative of z**2/2 + 7*z + 1. Let o(w) = 2*w**2 + 29*w + 82. Let k be o(-10). Determine t(k).
-1
Let p(s) be the second derivative of -s**5/20 + 5*s**4/12 + 2*s**3/3 + 4*s**2 - 29*s. What is p(6)?
-4
Let x(q) = -3*q - 1. Suppose 5*a = 4*n + a - 16, 4*n + 3*a = 2. Suppose 2*r + 2 = -n. Give x(r).
5
Let p(u) be the second derivative of u**5/20 - u**4/4 + u**3/2 - u**2/2 - 5*u. Calculate p(2).
1
Let f(k) = -k**2 - 13*k - 20. Let d be f(-11). Let c(w) be the second derivative of 0 + 1/12*w**4 - w - 1/2*w**d - 1/6*w**3. What is c(3)?
5
Let t(i) be the first derivative of i**4/4 + i**3/3 - i**2/2 + 7*i - 8. Determine t(0).
7
Let n(f) = 1 - 3*f + 2*f**3 + 7 - 3*f**3 + 8*f**2 - 6*f. Determine n(7).
-6
Let w(s) be the second derivative of -s**5/20 + s**4/2 - s**3/3 + s**2 + 21*s. Calculate w(6).
-10
Let y(r) = -r**2 + 4*r + 2. Let t(m) = m**2 + 2*m + 4. Let h be t(0). Calculate y(h).
2
Let g be -2 + 6 + -1 + 1. Let u(b) = -4*b - 5. Let d be (2 - -2) + -2 - 5. Let s(f) = -5*f - 6. Let r(x) = d*s(x) + g*u(x). Determine r(4).
-6
Let p(a) = -6*a**2 - 6*a - 4. Let t(f) = -5*f**2 - 5*f - 3. Let g(j) = -4*p(j) + 5*t(j). Let d = 12 - 16. Calculate g(d).
-11
Let t = 7 + -13. Let p(l) = -l**2 - 6*l - 6. Determine p(t).
-6
Let t(x) be the second derivative of -x**4/12 + 2*x**3/3 + 7*x**2/2 - 5*x. Let q(f) be the first derivative of t(f). Give q(-3).
10
Suppose -3*n + 15 = z, z + 2 - 5 = -n. Suppose -4*m + 2*o = n, -2*m - 2*o = -o - 3. Let d(k) = m*k + 0*k - k + 2. What is d(5)?
-3
Let h(b) = b + 8. Suppose -2*c + 6 = 4*j, 2*j - 8 = -0*j. Let a be h(c). Let n(f) = -f**3 + 3*f**2 + 2*f - 2. Calculate n(a).
4
Let t(v) = v**2 + 3*v - 5. Suppose -r - 2*r + 21 = 0. Let f = -41 - -44. Suppose -f = 2*c + r. Give t(c).
5
Let p(u) = 13*u + 16. Let c(t) = -4*t - 5. Let q(y) = 7*c(y) + 2*p(y). Calculate q(-2).
1
Let h(j) = j + 4. Let y be h(-7). Let k = 5 + y. Let n be 4 - (3 - 0) - k. Let o(d) = -d. Give o(n).
1
Suppose 24 = -4*b - 0. Let r(i) = -i + 4. Calculate r(b).
10
Let q(n) be the second derivative of -n**3/6 + 3*n**2/2 - 10*n. Let f = 12 + -8. What is q(f)?
-1
Let w(x) = 3 + 8 + x - 10. Determine w(-7).
-6
Let b(g) = -g**3 - 1 + 6 - 5*g**2 + 4 - 2 + 8*g. Let c be b(-6). Let q(d) be the third derivative of -d**6/120 - d**5/12 - d**4/8 - d**3/2 + d**2. Give q(c).
12
Suppose 4*i - l = -5, 5*i - 6*l + 7*l = -13. Let p(t) = 3*t - 6. Let a(f) = -2*f + 5. Let x(v) = -5*a(v) - 4*p(v). Determine x(i).
3
Let m(a) = a + 1 - 3*a + 2. Determine m(-4).
11
Let m(c) = 2*c - 7. Let u be -5 + (-